334
Convert -212 (base 7) to base 6.
-255
Convert 1 (base 8) to base 14.
1
-1 (base 16) to base 9
-1
What is 63 (base 15) in base 16?
5d
What is 10113 (base 4) in base 14?
15d
What is 35 (base 13) in base 16?
2c
Convert -11100011 (base 2) to base 12.
-16b
What is 4 (base 15) in base 10?
4
What is -21 (base 7) in base 9?
-16
What is 6 (base 7) in base 11?
6
-115 (base 15) to base 7
-500
What is -2 (base 7) in base 2?
-10
Convert 3323 (base 4) to base 15.
11b
Convert 30 (base 10) to base 6.
50
-2 (base 11) to base 3
-2
Convert 10 (base 4) to base 12.
4
What is 10110 (base 2) in base 10?
22
What is -11 (base 2) in base 7?
-3
What is 3 (base 13) in base 11?
3
-3 (base 10) to base 14
-3
15 (base 8) to base 11
12
What is -59 (base 14) in base 10?
-79
Convert -58 (base 11) to base 5.
-223
Convert -71 (base 9) to base 14.
-48
What is 0 (base 7) in base 3?
0
a (base 16) to base 9
11
What is -1 (base 2) in base 11?
-1
Convert -2 (base 8) to base 15.
-2
What is 7 (base 12) in base 5?
12
Convert 30 (base 4) to base 8.
14
What is -1 (base 3) in base 14?
-1
Convert 2 (base 5) to base 14.
2
Convert 10 (base 3) to base 6.
3
Convert 25 (base 8) to base 15.
16
What is -65 (base 13) in base 9?
-102
Convert -32 (base 6) to base 10.
-20
-52 (base 8) to base 10
-42
Convert 0 (base 16) to base 2.
0
What is 1001011 (base 2) in base 3?
2210
What is -58 (base 13) in base 3?
-2201
What is 101 (base 3) in base 8?
12
44 (base 6) to base 14
20
426 (base 9) to base 16
15c
Convert -77 (base 14) to base 4.
-1221
-11011 (base 3) to base 12
-94
What is 332 (base 5) in base 7?
161
Convert 96 (base 14) to base 2.
10000100
Convert -61 (base 13) to base 2.
-1001111
What is 10 (base 2) in base 4?
2
Convert -101 (base 2) to base 4.
-11
Convert 0 (base 4) to base 14.
0
What is 7 (base 16) in base 8?
7
d (base 14) to base 4
31
What is -150 (base 7) in base 11?
-77
Convert 4 (base 6) to base 16.
4
What is 47 (base 11) in base 5?
201
What is 11100 (base 3) in base 2?
1110101
Convert 5 (base 8) to base 2.
101
213 (base 4) to base 11
36
-1 (base 4) to base 8
-1
4a (base 15) to base 9
77
Convert 23 (base 6) to base 11.
14
160 (base 7) to base 11
83
-1 (base 10) to base 12
-1
What is -1 (base 16) in base 5?
-1
32 (base 12) to base 6
102
-1000 (base 2) to base 5
-13
Convert 0 (base 9) to base 8.
0
What is -12 (base 15) in base 9?
-18
Convert 2 (base 12) to base 8.
2
Convert -1144 (base 5) to base 3.
-20110
-3 (base 11) to base 13
-3
What is 10 (base 2) in base 4?
2
-15 (base 11) to base 9
-17
11 (base 13) to base 3
112
-106 (base 12) to base 14
-aa
What is 0 (base 15) in base 8?
0
0 (base 6) to base 4
0
Convert 321 (base 4) to base 16.
39
What is -1 (base 2) in base 4?
-1
What is 5b (base 13) in base 12?
64
What is 1000 (base 2) in base 11?
8
-90 (base 15) to base 7
-252
Convert 11 (base 2) to base 4.
3
What is 7 (base 14) in base 3?
21
Convert 101111 (base 2) to base 14.
35
Convert 4 (base 7) to base 5.
4
104 (base 6) to base 12
34
What is 112 (base 3) in base 9?
15
110 (base 2) to base 8
6
4 (base 10) to base 7
4
What is 1 (base 16) in base 10?
1
-3021 (base 5) to base 14
-1d8
What is -15 (base 12) in base 7?
-23
52 (base 13) to base 7
124
Convert -8 (base 13) to base 14.
-8
Convert -9c (base 14) to base 5.
-1023
-2 (base 5) to base 10
-2
What is 10 (base 10) in base 9?
11
What is -3 (base 11) in base 5?
-3
-2 (base 13) to base 10
-2
What is 61 (base 8) in base 15?
34
11b (base 14) to base 2
11011101
Convert -31 (base 11) to base 14.
-26
Convert 54 (base 7) to base 10.
39
Convert -250 (base 6) to base 10.
-102
-10 (base 7) to base 9
-7
Convert -5c (base 14) to base 11.
-75
-9 (base 12) to base 4
-21
-1 (base 16) to base 9
-1
Convert 1100 (base 2) to base 15.
c
Convert -150 (base 7) to base 11.
-77
What is 11110011 (base 2) in base 8?
363
What is 0 (base 4) in base 15?
0
-3 (base 16) to base 9
-3
79 (base 13) to base 3
10201
What is -4c (base 15) in base 11?
-66
Convert -210 (base 3) to base 4.
-111
8 (base 10) to base 6
12
What is -321 (base 5) in base 2?
-1010110
What is 3 (base 14) in base 7?
3
Convert 3 (base 9) to base 5.
3
Convert 10111 (base 2) to base 8.
27
Convert 1 (base 7) to base 9.
1
Convert -85 (base 10) to base 2.
-1010101
What is 0 (base 6) in base 12?
0
-5 (base 7) to base 6
-5
What is -1 (base 3) in base 15?
-1
4 (base 16) to base 2
100
Convert 1133 (base 5) to base 12.
120
What is 1 (base 9) in base 6?
1
Convert -6 (base 14) to base 13.
-6
What is 76 (base 13) in base 12?
81
62 (base 13) to base 12
68
33 (base 8) to base 2
11011
202 (base 3) to base 14
16
What is 11 (base 4) in base 15?
5
-5 (base 7) to base 3
-12
Convert 5 (base 7) to base 8.
5
What is -13 (base 8) in base 2?
-1011
What is -19 (base 10) in base 7?
-25
5b (base 16) to base 4
1123
-10 (base 3) to base 16
-3
Convert 47 (base 13) to base 11.
54
-1 (base 3) to base 2
-1
-8 (base 10) to base 4
-20
What is -22 (base 3) in base 11?
-8
What is 44 (base 5) in base 15?
19
What is 4 (base 11) in base 3?
11
98 (base 13) to base 4
1331
What is 25 (base 16) in base 3?
1101
Convert -3 (base 7) to base 14.
-3
Convert -11 (base 7) to base 15.
-8
What is -3 (base 11) in base 9?
-3
Convert 111 (base 4) to base 11.
1a
-8 (base 9) to base 10
-8
17 (base 8) to base 13
12
What is -33 (base 4) in base 8?
-17
What is 0 (base 2) in base 6?
0
Convert 0 (base 12) to base 11.
0
What is 132 (base 6) in base 15?
3b
What is -4 (base 15) in base 4?
-10
11 (base 4) to base 13
5
1 (base 3) to base 11
1
-13 (base 6) to base 5
-14
104 (base 8) to base 2
1000100
40 (base 5) to base 12
18
What is 10 (base 14) in base 16?
e
What is -6 (base 15) in base 16?
-6
Convert 1 (base 6) to base 4.
1
Convert 237 (base 12) to base 14.
199
What is 1f (base 16) in base 8?
37
Convert 101 (base 2) to base 8.
5
20 (base 3) to base 5
11
1111000 (base 2) to base 7
231
What is 1 (base 2) in base 10?
1
What is -22 (base 13) in base 10?
-28
What is 12 (base 10) in base 14?
c
3 (base 14) to base 10
3
-10 (base 2) to base 13
-2
-13 (base 8) to base 14
-b
-312 (base 7) to base 13
-c0
34 (base 9) to base 15
21
What is 9 (base 10) in base 4?
21
What is b2 (base 13) in base 11?
122
What is -232 (base 4) in base 12?
-3a
121 (base 3) to base 16
10
0 (base 12) to base 13
0
-a5 (base 13) to base 15
-90
Convert -11 (base 9) to base 3.
-101
Convert -11011 (base 2) to base 6.
-43
What is 36 (base 16) in base 9?
60
What is 30 (base 7) in base 15?
16
Convert -1a (base 15) to base 16.
-19
1 (base 16) to base 8
1
1 (base 7) to base 15
1
Convert -142 (base 5) to base 11.
-43
Convert 6 (base 10) to base 7.
6
What is -6 (base 11) in base 14?
-6
1 (base 10) to base 5
1
0 (base 14) to base 9
0
Convert -1020 (base 3) to base 6.
-53
Convert 0 (base 3) to base 13.
0
Convert -1 (base 11) to base 12.
-1
Convert 1 (base 15) to base 13.
1
What is -14 (base 10) in base 5?
-24
153 (base 8) to base 10
107
22 (base 5) to base 4
30
Convert 4 (base 6) to base 2.
100
What is 6 (base 11) in base 12?
6
-2 (base 9) to base 4
-2
Convert 101 (base 5) to base 13.
20
222 (base 5) to base 10
62
Convert -3 (base 13) to base 3.
-10
Convert 10100 (base 2) to base 16.
14
-b2 (base 13) to base 4
-2101
-3 (base 7) to base 4
-3
-67 (base 12) to base 3
-2221
Convert 101010111 (base 2) to base 13.
205
-352 (base 6) to base 8
-214
Convert 232 (base 7) to base 2.
1111001
25 (base 7) to base 16
13
Convert 3 (base 7) to base 12.
3
Convert 114 (base 7) to base 4.
330
Convert -1 (base 9) to base 12.
-1
What is 31 (base 7) in base 8?
26
What is 23 (base 7) in base 15?
12
Convert 34 (base 5) to base 7.
25
-34 (base 13) to base 11
-3a
Convert 150 (base 13) to base 12.
176
Convert 46 (base 9) to base 2.
101010
Convert 11 (base 5) to base 13.
6
Convert -46 (base 10) to base 3.
-1201
What is 41 (base 8) in base 14?
25
-3 (base 10) to base 9
-3
-1 (base 2) to base 4
-1
What is -5 (base 7) in base 16?
-5
Convert -40 (base 6) to base 3.
-220
What is 5 (base 12) in base 3?
12
24 (base 7) to base 12
16
Convert -3 (base 4) to base 16.
-3
What is -2 (base 8) in base 4?
-2
What is 22 (base 6) in base 12?
12
-2f (base 16) to base 14
-35
Convert -18 (base 9) to base 6.
-25
What is 4 (base 10) in base 14?
4
Convert -3 (base 16) to base 14.
-3
Convert 72 (base 12) to base 10.
86
Convert -12 (base 12) to base 7.
-20
What is 10101111 (bas